*c**2 - 32*c - 189. Let x be y(-6). Let v = 0 + -1. What is the tens digit of 0/(x + v) - -69?
6
Let k = 2563 + -1508. What is the units digit of (k/(-3))/(15/(-18))?
2
Let z be (0 - 5)*18/(-15). Let k be 31/(-7) + z/14. Let w(y) = -3*y**3 - 2*y**2 + 2*y + 5. What is the tens digit of w(k)?
5
Let j(f) = 23312*f**2 - 239*f - 240. What is the ten thousands digit of j(-1)?
2
Suppose 0 = -2*b - 24*b + 17056. Suppose 1634 = 5*k - p, -b = -2*k + p - 3*p. What is the units digit of k?
7
Suppose 2*u + 2*u = 1816. Let q = -282 + u. Let f = -72 + q. What is the hundreds digit of f?
1
Let t(b) be the first derivative of 35*b + 19 + 17/2*b**2. What is the units digit of t(6)?
7
Let x be 4 - (-7 - (-11 - -5)). Suppose i - 140 = -2*p, -736 = -x*i + 28*p - 26*p. What is the tens digit of i?
4
Suppose 4*c = 4*g - 16872, 0*g - 16872 = -4*g - 2*c. What is the tens digit of g/14 + 270/35 + -8?
0
Suppose 168*o = 170*o - 3*z - 31665, 31685 = 2*o + z. What is the ten thousands digit of o?
1
Suppose -62*j - 14*j - 17*j + 8612823 = 0. What is the units digit of j?
1
Let o(n) be the third derivative of 5*n**4/12 - 11*n**3/6 - n**2. Let a(y) = -y**3 + 14*y**2 + 21*y - 87. Let h be a(15). What is the units digit of o(h)?
9
What is the hundreds digit of (664384/(-280))/((8/(-5))/4)?
9
What is the tens digit of 51778 + 3*(8/12 + 20/12)?
8
Let c = 11 - 9. Let v be (-3)/c*40/(-15). Suppose 0 = y + 4*m - 43, -6*m + 47 = y - v*m. What is the tens digit of y?
5
Suppose 0 = -885*w + 22290435 + 9925335. What is the tens digit of w?
0
Suppose -10*p - 162 = -16*p. Suppose -2*t = -p + 1. Suppose t*l + 69 = 16*l. What is the units digit of l?
3
Suppose 15 = -5*b, 5*v + 4*b + b + 15 = 0. Suppose v*p - 12*p = -1344. Suppose -4*m = -328 + p. What is the units digit of m?
4
Suppose 4*r + 0*r - 8 = 0. Let h(t) = -11 + 2*t**2 + 25 + 22*t + r. What is the units digit of h(-16)?
6
Suppose -4*p + 5*s + 68442 = 0, 0 = 2*p - 12*s + 14*s - 34248. What is the ten thousands digit of p?
1
Let m = -449 - -460. Suppose m*a = -27*a + 4598. What is the units digit of a?
1
Suppose 30*r - 7*r - 50882 = 10*r. What is the units digit of r?
4
What is the thousands digit of -8 + -1099*(3 + -4)*600/14?
7
Let x = 23541 - 5613. What is the units digit of x?
8
Let j(n) = -n**2 - 5*n - 5. Let f be j(-3). Let w be (f*4/(-6))/((-1)/6). Suppose -2*h = -w*q + 131 + 127, -q = -4*h - 61. What is the units digit of q?
5
Suppose -l + 30*k + 7849 = 28*k, 0 = -3*l - 7*k + 23625. What is the thousands digit of l?
7
Suppose -31*a + 38335 + 107042 = -80024. What is the tens digit of a?
7
What is the thousands digit of ((-6)/((-84)/7))/(-7) + (-158663)/(-14)?
1
Suppose 0 = 18*r - 945 - 3141. What is the hundreds digit of r?
2
Let b = -27 - 41. Let d = -63 - b. Suppose -d*k = -623 + 13. What is the tens digit of k?
2
Suppose 3*b - 66*h + 65*h - 44180 = 0, 4*h = -4*b + 58912. What is the ten thousands digit of b?
1
Let k(q) = 19*q**2 + 48*q - 416. What is the thousands digit of k(17)?
5
Let g = 3621 + 4867. What is the tens digit of g?
8
Let g(u) = u**2 + 6*u + 8. Let k be g(-9). Suppose 24*z - k*z + 3256 = 0. What is the tens digit of z?
9
Suppose 2*n + 5*b + 391 = 0, b - 15 = 6*b. Let j = 404 - n. Suppose 8*i = -0*i + j. What is the units digit of i?
4
Let v(n) be the third derivative of 23*n**4/8 - n**3/3 - 13*n**2. Let t be (-12)/9*9/(-12). What is the units digit of v(t)?
7
Suppose 0 = 10*b - 8*b - 2, -4*h + 14070 = 2*b. What is the tens digit of h?
1
Let q be 1*4*(-11 + 10). Let m be 3/q*(-104)/39. What is the tens digit of (5 + -219)/m*-1?
0
Let z(s) = 22*s**2 - 39*s + 12. Let r be z(5). Let n = r - 221. What is the hundreds digit of n?
1
Let d = 82007 + -55119. What is the units digit of d?
8
Let h = 0 - -3. Let o be 52/20 + 1*h/(-5). What is the tens digit of 2/(-4)*(-184)/o?
4
Suppose -5*a + 0*a - 3*r + 761 = 0, a + 5*r - 161 = 0. Let g = 1275 + a. What is the hundreds digit of g?
4
Suppose -23*w - 10*w = 330. What is the thousands digit of (-35)/w*(484 + 6)?
1
Let h(m) = -2*m**2 + 26*m + 24. Let q be h(15). What is the tens digit of (-147)/((-3*(-4)/q)/1)?
4
Let p = 38 - 68. Let q be (-6)/5*p/18. Suppose q*h + 2*h = -5*g + 220, -3*h - 132 = -3*g. What is the tens digit of g?
4
Let r(k) = -5*k**2 + 631*k - 369. What is the hundreds digit of r(84)?
3
Suppose g = 2*g - 4*i - 2549, 3*g - i - 7625 = 0. Let u = -1375 + g. What is the thousands digit of u?
1
Let m = 7528 + 72345. What is the units digit of m?
3
Suppose m = -5*y + 7517 + 22770, 2*m = -4*y + 60616. What is the tens digit of m?
2
Suppose 27*g = -48*g + 6*g + 988080. What is the tens digit of g?
2
Suppose -45*z + 2*z = -18000 - 566026. What is the units digit of z?
2
Suppose -5*i + 4*w = -3840, -4*i - 22*w = -18*w - 3072. Suppose -41*f - i = -42*f. What is the units digit of f?
8
Let x be (18/15)/(21/175). Suppose -3 = -11*t + x*t. What is the tens digit of 4/6 - (-100)/t?
3
Let s = -384 - -611. Suppose 229*i - s*i - 338 = 0. What is the hundreds digit of i?
1
What is the units digit of (-5 + 1 - -5)/(4/83996)?
9
Suppose -4*h = 5*g - 75, -2*h - 5*g = -0*h - 35. Suppose 4*r = -h + 128. What is the tens digit of r?
2
Let l = 171 + -116. Suppose l*h - 60*h + 1690 = 0. What is the tens digit of h?
3
Suppose -5*m + 135 = -8*m. Let y be 153/(-5) - (-18)/m. Let s = y - -49. What is the units digit of s?
8
Let j be 1*(0 - -546 - (-3 + 5)). Let m = j + -330. What is the tens digit of m?
1
Let g(x) = 4*x**3 + 17*x**2 + 4*x + 78. Let y(o) = 7*o**3 + 33*o**2 + 9*o + 156. Let c(p) = -5*g(p) + 3*y(p). What is the hundreds digit of c(-13)?
1
Let f be (1 - 693)/((-43)/86). Let k = 168 + f. What is the hundreds digit of k?
5
Let n = 240 - 236. Suppose n*w + 4*x - 984 = 0, 578 = 3*w + x - 158. What is the units digit of w?
5
Let l(a) = -a**2 + 6*a - 3. Let s be l(5). Let d(j) = 2*j**2 - 37*j + 14*j + 11*j + 8*j + 2. What is the units digit of d(s)?
2
Let n be (4 + (-30 - -6))*1. Let z(s) = -3*s - 2. What is the units digit of z(n)?
8
Let x(g) = 6*g**2 + 2*g - 1. Let v be x(1). Let o(s) = s + 10. Let q be o(v). Suppose -4*t + 4*u + 148 = -0*t, -5*u = -t + q. What is the tens digit of t?
4
Let o(q) = -5*q**3 + 2*q**2 + 62*q - 1. What is the units digit of o(-7)?
8
Suppose 0 = -2*d - 3*v + 72, -4*v = 5*d - 2*v - 191. Let l(a) = -114 - d*a + 61 + 53. What is the units digit of l(-3)?
7
Let q = 35205 - -6027. What is the units digit of q?
2
Let j be 1*(0 + (12 - 1)). Let a = 199 + -190. Suppose a*b + 64 = j*b. What is the units digit of b?
2
Let o(z) = 4*z**3 - 5*z**2 - 4*z + 21. Let d be o(3). What is the units digit of d/(-27)*(-407 + 2)?
0
Let l be (0 - 1)/(1/(-5)). Let n be (6 - 30/4)/((6/4)/(-3)). Suppose b + p - 6 = 0, 2 = -n*b + 2*p - l. What is the units digit of b?
1
What is the tens digit of 30259/6 + 6/(-36)?
4
Suppose -3*i = -5 - 1. Let k be 6*(-2)/(-5)*5/i. Suppose k*r - 67 - 41 = 0. What is the units digit of r?
8
Suppose 59*u + 79*u = -46*u + 590456. What is the units digit of u?
9
Suppose -13*x = 3*s - 9*x - 80263, 80287 = 3*s + x. What is the units digit of s?
5
Let s be (-4)/14 + 8782/14. Let l be -5*30/75 + 10. Suppose -5*v + 3*a = -s, -5*v - l*a + 611 = -7*a. What is the tens digit of v?
2
Let q = -63 - 318. Let x = 527 + q. What is the tens digit of x?
4
What is the thousands digit of 19254 + 85/(-20) + (-15)/(-12)?
9
Suppose -2*h - 20968 = -5*s + 2*h, 5*s - 2*h = 20974. What is the units digit of s?
6
Let y(a) = -5*a**2 + 15*a - 5. Let z = -48 - -55. Let o be y(z). Let w = o - -248. What is the tens digit of w?
0
Let i = 4422 + 375. What is the units digit of i?
7
What is the units digit of (-216)/(-36) + (-7110)/(-1)?
6
Suppose -4*b + i = -8*b + 22804, -2*i = -3*b + 17114. What is the tens digit of b?
0
Let i(l) = l**3 - 4*l**2 - 2*l - 8. Let z be i(5). Suppose 20 = z*t - 4*t + 5*r, -r = -5*t - 4. Suppose 6*u + 32 - 320 = t. What is the units digit of u?
8
Let k be 108/60*80/6. Let l = k + -21. Suppose 0*y - 6 = -l*y, -5*u + 4*y = -502. What is the units digit of u?
2
Let m be 4*50*4/8. Suppose 4*a - m - 4 = 0. What is the units digit of 20/130 - (-594)/a?
3
Let c(j) = -6 + 17 - 6*j - j + 2. Let y be c(7). Let p = 49 + y. What is the units digit of p?
3
Let d be (9/(-36))/(1/(-12)). Suppose 0 = d*v - 54 - 171. Suppose 53*r - v = 48*r. What is the units dig